me factors of 1529.
11, 139
What are the prime factors of 36255?
3, 5, 2417
What are the prime factors of 2614?
2, 1307
List the prime factors of 547.
547
What are the prime factors of 55536?
2, 3, 13, 89
List the prime factors of 4495.
5, 29, 31
List the prime factors of 23554.
2, 11777
List the prime factors of 24044.
2, 6011
List the prime factors of 21618.
2, 3, 1201
List the prime factors of 19470.
2, 3, 5, 11, 59
What are the prime factors of 442?
2, 13, 17
List the prime factors of 148.
2, 37
List the prime factors of 9011.
9011
List the prime factors of 135.
3, 5
What are the prime factors of 1620?
2, 3, 5
What are the prime factors of 15272?
2, 23, 83
What are the prime factors of 32261?
32261
List the prime factors of 32193.
3, 7, 73
List the prime factors of 800.
2, 5
List the prime factors of 2432.
2, 19
What are the prime factors of 69082?
2, 13, 2657
List the prime factors of 36320.
2, 5, 227
List the prime factors of 12827.
101, 127
List the prime factors of 1176.
2, 3, 7
What are the prime factors of 1299?
3, 433
What are the prime factors of 967?
967
List the prime factors of 1895.
5, 379
What are the prime factors of 16796?
2, 13, 17, 19
List the prime factors of 3230.
2, 5, 17, 19
What are the prime factors of 859?
859
List the prime factors of 26122.
2, 37, 353
List the prime factors of 5089.
7, 727
List the prime factors of 1432.
2, 179
List the prime factors of 3661.
7, 523
List the prime factors of 47139.
3, 19, 827
What are the prime factors of 1900?
2, 5, 19
List the prime factors of 878.
2, 439
What are the prime factors of 6362?
2, 3181
List the prime factors of 58113.
3, 11, 587
What are the prime factors of 18182?
2, 9091
What are the prime factors of 1278?
2, 3, 71
List the prime factors of 7204.
2, 1801
List the prime factors of 25614.
2, 3, 1423
What are the prime factors of 490?
2, 5, 7
List the prime factors of 2683.
2683
List the prime factors of 121233.
3, 7, 23, 251
List the prime factors of 19497.
3, 67, 97
What are the prime factors of 2081?
2081
List the prime factors of 595.
5, 7, 17
What are the prime factors of 161?
7, 23
List the prime factors of 1325.
5, 53
What are the prime factors of 5124?
2, 3, 7, 61
What are the prime factors of 714?
2, 3, 7, 17
List the prime factors of 332.
2, 83
What are the prime factors of 854?
2, 7, 61
What are the prime factors of 4314?
2, 3, 719
What are the prime factors of 956?
2, 239
What are the prime factors of 50146?
2, 25073
List the prime factors of 690.
2, 3, 5, 23
List the prime factors of 10106.
2, 31, 163
What are the prime factors of 1703?
13, 131
What are the prime factors of 979?
11, 89
List the prime factors of 19388.
2, 37, 131
What are the prime factors of 24195?
3, 5, 1613
What are the prime factors of 69520?
2, 5, 11, 79
List the prime factors of 11437.
11437
What are the prime factors of 39338?
2, 13, 17, 89
What are the prime factors of 270?
2, 3, 5
What are the prime factors of 60284?
2, 7, 2153
List the prime factors of 1300.
2, 5, 13
List the prime factors of 79886.
2, 59, 677
List the prime factors of 3263.
13, 251
What are the prime factors of 46619?
46619
List the prime factors of 1052.
2, 263
List the prime factors of 1622.
2, 811
List the prime factors of 51004.
2, 41, 311
List the prime factors of 9288.
2, 3, 43
List the prime factors of 5023.
5023
List the prime factors of 100981.
100981
What are the prime factors of 44760?
2, 3, 5, 373
List the prime factors of 393.
3, 131
What are the prime factors of 1675?
5, 67
What are the prime factors of 3795?
3, 5, 11, 23
List the prime factors of 152661.
3, 151, 337
What are the prime factors of 116117?
83, 1399
What are the prime factors of 2071?
19, 109
List the prime factors of 2440.
2, 5, 61
List the prime factors of 869.
11, 79
List the prime factors of 117300.
2, 3, 5, 17, 23
List the prime factors of 3186.
2, 3, 59
List the prime factors of 64107.
3, 17, 419
List the prime factors of 1284.
2, 3, 107
What are the prime factors of 3507?
3, 7, 167
What are the prime factors of 1935?
3, 5, 43
List the prime factors of 29479.
41, 719
List the prime factors of 1310.
2, 5, 131
What are the prime factors of 6774?
2, 3, 1129
What are the prime factors of 1305?
3, 5, 29
What are the prime factors of 388?
2, 97
List the prime factors of 2562.
2, 3, 7, 61
List the prime factors of 4593.
3, 1531
List the prime factors of 83800.
2, 5, 419
What are the prime factors of 386?
2, 193
What are the prime factors of 5282?
2, 19, 139
List the prime factors of 181.
181
What are the prime factors of 695?
5, 139
List the prime factors of 875.
5, 7
List the prime factors of 83763.
3, 41, 227
What are the prime factors of 22625?
5, 181
What are the prime factors of 4126?
2, 2063
What are the prime factors of 2476?
2, 619
What are the prime factors of 1318?
2, 659
List the prime factors of 10116.
2, 3, 281
List the prime factors of 8801.
13, 677
What are the prime factors of 1235?
5, 13, 19
List the prime factors of 1028.
2, 257
List the prime factors of 8773.
31, 283
What are the prime factors of 8457?
3, 2819
List the prime factors of 16241.
109, 149
What are the prime factors of 1947?
3, 11, 59
List the prime factors of 27968.
2, 19, 23
What are the prime factors of 161?
7, 23
List the prime factors of 361.
19
What are the prime factors of 18165?
3, 5, 7, 173
List the prime factors of 77403.
3, 25801
What are the prime factors of 422?
2, 211
List the prime factors of 1757.
7, 251
What are the prime factors of 34574?
2, 59, 293
What are the prime factors of 9291?
3, 19, 163
What are the prime factors of 2511?
3, 31
What are the prime factors of 1134?
2, 3, 7
What are the prime factors of 4110?
2, 3, 5, 137
List the prime factors of 8174.
2, 61, 67
What are the prime factors of 966?
2, 3, 7, 23
List the prime factors of 6231.
3, 31, 67
What are the prime factors of 3875?
5, 31
What are the prime factors of 3670?
2, 5, 367
List the prime factors of 16171.
103, 157
List the prime factors of 3087.
3, 7
List the prime factors of 93431.
13, 7187
What are the prime factors of 13125?
3, 5, 7
List the prime factors of 1828.
2, 457
List the prime factors of 43.
43
What are the prime factors of 22874?
2, 11437
What are the prime factors of 116309?
107, 1087
List the prime factors of 47181.
3, 15727
List the prime factors of 10738.
2, 7, 13, 59
What are the prime factors of 18689?
11, 1699
List the prime factors of 16938.
2, 3, 941
List the prime factors of 4356.
2, 3, 11
List the prime factors of 11764.
2, 17, 173
What are the prime factors of 365?
5, 73
List the prime factors of 6576.
2, 3, 137
What are the prime factors of 4357?
4357
List the prime factors of 2489.
19, 131
List the prime factors of 121549.
197, 617
What are the prime factors of 29784?
2, 3, 17, 73
What are the prime factors of 15104?
2, 59
What are the prime factors of 2142?
2, 3, 7, 17
What are the prime factors of 133?
7, 19
List the prime factors of 5816.
2, 727
List the prime factors of 1277.
1277
What are the prime factors of 50782?
2, 25391
What are the prime factors of 1667?
1667
List the prime factors of 4682.
2, 2341
What are the prime factors of 92959?
92959
List the prime factors of 2953.
2953
List the prime factors of 4230.
2, 3, 5, 47
List the prime factors of 14527.
73, 199
List the prime factors of 1321.
1321
List the prime factors of 1472.
2, 23
List the prime factors of 10258.
2, 23, 223
List the prime factors of 10993.
10993
What are the prime factors of 2408?
2, 7, 43
What are the prime factors of 3488?
2, 109
List the prime factors of 2958.
2, 3, 17, 29
List the prime factors of 5805.
3, 5, 43
List the prime factors of 9579.
3, 31, 103
What are the prime factors of 836?
2, 11, 19
List the prime factors of 78382.
2, 39191
List the prime factors of 2565.
3, 5, 19
What are the prime factors of 11666?
2, 19, 307
List the prime factors of 14454.
2, 3, 11, 73
List the prime factors of 8691.
3, 2897
What are the prime factors of 1790?
2, 5, 179
What are the prime factors of 5080?
2, 5, 127
List the prime factors of 862.
2, 431
What are the prime factors of 8052?
2, 3, 11, 61
List the prime factors of 178623.
3, 89, 223
List the prime factors of 3031.
7, 433
List the prime factors of 1418.
2, 709
What are the prime factors of 2514?
2, 3, 41